
-51c
Convert 65111 (base 8) to base 14.
9cb7
Convert -3213 (base 5) to base 13.
-274
1432233 (base 6) to base 9
134643
Convert -1776 (base 15) to base 12.
-2b19
331001 (base 4) to base 2
111101000001
Convert 1102330 (base 4) to base 7.
21322
-15 (base 6) to base 8
-13
Convert 473 (base 8) to base 2.
100111011
What is -a0d (base 15) in base 12?
-1387
-45603 (base 7) to base 10
-11616
461 (base 12) to base 5
10044
What is 10000011 (base 2) in base 13?
a1
-541 (base 11) to base 8
-1212
What is 420235 (base 6) in base 13?
124c4
Convert a8 (base 14) to base 10.
148
What is 543 (base 10) in base 3?
202010
What is 88 (base 13) in base 5?
422
-227 (base 12) to base 14
-18b
What is -202102120 (base 3) in base 13?
-6a17
What is 26f0 (base 16) in base 9?
14605
What is -a300 (base 12) in base 8?
-42460
1 (base 16) to base 6
1
What is 76 (base 10) in base 4?
1030
Convert 5034 (base 7) to base 8.
3314
-201322 (base 4) to base 16
-87a
What is 2001122 (base 3) in base 10?
1502
17a (base 14) to base 9
367
Convert 1100101100 (base 2) to base 12.
578
What is 42664 (base 7) in base 3?
112120201
-7c43 (base 16) to base 4
-13301003
What is 1084 (base 9) in base 15?
38a
Convert 1100002 (base 3) to base 8.
1716
What is -50245 (base 7) in base 10?
-12136
What is -1011100101000 (base 2) in base 15?
-1b53
Convert -20450 (base 7) to base 14.
-1b97
-17 (base 12) to base 9
-21
445 (base 11) to base 10
533
Convert 23311 (base 4) to base 5.
11012
Convert 1009 (base 12) to base 8.
3311
What is 38 (base 12) in base 9?
48
Convert -212212 (base 3) to base 15.
-2ce
304 (base 11) to base 13
223
-41046 (base 8) to base 9
-25205
Convert 655 (base 8) to base 3.
120220
Convert -702 (base 16) to base 12.
-1056
Convert -a147 (base 12) to base 3.
-212222101
Convert -56535 (base 7) to base 13.
-66a8
Convert 762d (base 14) to base 12.
b9a1
-75410 (base 8) to base 14
-b69a
What is 1702 (base 9) in base 3?
1210002
100023 (base 4) to base 16
40b
Convert 23b2a (base 12) to base 10.
48274
111110101011001 (base 2) to base 9
48014
What is 16550 (base 8) in base 5?
220103
Convert -1513 (base 7) to base 2.
-1001010110
-3ab5 (base 13) to base 10
-8429
Convert -11202222 (base 3) to base 5.
-102412
-214 (base 6) to base 16
-52
What is 553 (base 13) in base 8?
1621
Convert -375 (base 10) to base 16.
-177
What is 25252 (base 6) in base 4?
323000
1005 (base 9) to base 11
608
-1dd3 (base 16) to base 14
-2ad5
-98a (base 15) to base 14
-add
1 (base 11) to base 4
1
Convert -113213 (base 4) to base 15.
-6ab
Convert -492 (base 14) to base 9.
-1223
What is -237b (base 13) in base 9?
-6768
Convert 3c84 (base 13) to base 12.
5073
20120 (base 3) to base 12
129
Convert -17506 (base 11) to base 2.
-101111111111001
What is 44 (base 13) in base 2?
111000
Convert 57 (base 14) to base 16.
4d
-555 (base 9) to base 10
-455
-111010001001011 (base 2) to base 9
-44748
1901a (base 14) to base 13
22978
12256 (base 10) to base 8
27740
-7ba (base 16) to base 4
-132322
What is 181a (base 14) in base 8?
10360
Convert -1101010011111 (base 2) to base 5.
-204230
Convert -83b (base 12) to base 5.
-14244
-15750 (base 8) to base 7
-26554
What is -3331 (base 5) in base 6?
-2054
What is 103210 (base 4) in base 11?
a39
Convert 7114 (base 8) to base 12.
2150
What is -11403 (base 6) in base 14?
-867
Convert 1101212 (base 3) to base 15.
482
-13032 (base 4) to base 6
-2050
What is -1204014 (base 5) in base 9?
-33631
What is -206 (base 13) in base 7?
-1001
What is -8a5b (base 12) in base 8?
-35747
Convert -38784 (base 9) to base 4.
-12120232
What is 32033 (base 4) in base 9?
1222
What is a2 (base 16) in base 11?
138
-1106 (base 7) to base 15
-1b8
What is 222221 (base 3) in base 9?
887
What is -2c3 (base 14) in base 12?
-3ab
Convert -817 (base 9) to base 14.
-356
What is 6043 (base 7) in base 13?
c49
Convert 1012112 (base 3) to base 7.
2363
12111011 (base 3) to base 10
4000
What is 126 (base 14) in base 16?
e6
What is -1203133 (base 4) in base 12?
-3827
Convert -16701 (base 9) to base 10.
-11503
Convert -8e6c (base 15) to base 13.
-10a01
What is 322 (base 6) in base 11?
101
-5042 (base 7) to base 8
-3321
aa13 (base 12) to base 5
1044420
-10647 (base 8) to base 5
-121034
646 (base 15) to base 7
4062
What is -727c (base 15) in base 6?
-304000
What is -2821 (base 14) in base 13?
-32c0
Convert 100101000 (base 2) to base 4.
10220
What is 48b2 (base 14) in base 7?
52012
What is -140420 (base 6) in base 13?
-5c7c
What is -b01 (base 13) in base 9?
-2486
-16203 (base 7) to base 8
-10720
Convert -65522 (base 7) to base 6.
-203502
Convert 100001000000 (base 2) to base 12.
1280
Convert 20002011 (base 3) to base 6.
32304
What is 2040 (base 6) in base 8?
710
What is -10134 (base 7) in base 14?
-c8b
Convert -414 (base 7) to base 5.
-1312
-1000122 (base 3) to base 5
-10441
What is -7004 (base 12) in base 4?
-2331010
What is -37132 (base 8) in base 10?
-15962
Convert 668 (base 9) to base 3.
202022
Convert -5452 (base 8) to base 14.
-1082
What is 544 (base 16) in base 2?
10101000100
25d (base 15) to base 3
201221
2121 (base 4) to base 13
ba
What is 1159 (base 10) in base 13?
6b2
What is 720 (base 11) in base 5?
11434
322112 (base 4) to base 7
13613
What is 2311 (base 4) in base 2?
10110101
6 (base 11) to base 14
6
10001100000010 (base 2) to base 14
33a2
-425 (base 10) to base 6
-1545
What is -309 (base 14) in base 9?
-733
11110101 (base 2) to base 11
203
Convert 347c (base 16) to base 9.
20378
-456 (base 7) to base 3
-22210
Convert -310013 (base 4) to base 9.
-4515
50123 (base 6) to base 14
2547
Convert 13221 (base 4) to base 2.
111101001
931 (base 15) to base 4
200113
Convert -1411 (base 7) to base 5.
-4142
Convert -6320 (base 7) to base 6.
-14135
What is -a298 (base 11) in base 7?
-54552
177 (base 16) to base 12
273
What is -3a8 (base 11) in base 10?
-481
-1101011010011 (base 2) to base 5
-204432
Convert -63531 (base 7) to base 8.
-36526
What is -a33 (base 11) in base 4?
-103132
What is 532 (base 12) in base 11?
62a
What is -34034 (base 7) in base 2?
-10000110011000
Convert 135 (base 9) to base 13.
89
45464 (base 7) to base 9
16765
ec1a (base 16) to base 3
10001220121
61176 (base 9) to base 11
28267
What is 6dc (base 14) in base 10?
1370
What is -22202102 (base 3) in base 13?
-2ba0
What is 402a (base 11) in base 7?
21421
What is a2 (base 11) in base 6?
304
Convert -44110 (base 5) to base 13.
-14c1
What is 521 (base 11) in base 4?
21310
-199 (base 15) to base 10
-369
Convert 1000111111100 (base 2) to base 10.
4604
-547 (base 8) to base 9
-438
110101100001 (base 2) to base 9
4625
What is -1947 (base 10) in base 7?
-5451
Convert 18289 (base 12) to base 7.
203622
What is -1041 (base 10) in base 5?
-13131
Convert 50025 (base 8) to base 11.
14448
What is -1043444 (base 5) in base 16?
-48c0
-1010 (base 2) to base 11
-a
What is -53a (base 11) in base 2?
-1010001000
-12142 (base 6) to base 8
-3376
What is -2510 (base 7) in base 5?
-12223
Convert -21617 (base 9) to base 3.
-201200121
11155 (base 15) to base 13
1b944
What is -1439 (base 10) in base 15?
-65e
Convert 204 (base 7) to base 5.
402
Convert -112440 (base 5) to base 12.
-2474
-1032 (base 11) to base 15
-611
6384 (base 16) to base 2
110001110000100
What is -50a (base 15) in base 14?
-5b1
-2402 (base 6) to base 13
-356
What is 22110 (base 4) in base 13?
3ba
What is 20131 (base 4) in base 7?
1402
Convert -2060 (base 8) to base 5.
-13242
Convert 887 (base 12) to base 2.
10011100111
-59c2 (base 13) to base 11
-9573
-7b (base 16) to base 9
-146
-2221111001 (base 3) to base 16
-e257
-12301 (base 5) to base 16
-3b7
Convert -1001220221 (base 3) to base 6.
-241341
a57 (base 11) to base 5
20042
What is -1110001110110010 (base 2) in base 13?
-206bb
What is -11098 (base 11) in base 4?
-3323033
1430 (base 5) to base 2
11110000
Convert -131330 (base 4) to base 2.
-11101111100
1100001000111 (base 2) to base 3
22112012
What is 11022121 (base 3) in base 10?
3148
What is 30031 (base 4) in base 2?
1100001101
What is 4476 (base 10) in base 15?
14d6
11239 (base 12) to base 10
22797
-1101010111 (base 2) to base 6
-3543
23221 (base 4) to base 12
521
Convert 4869 (base 12) to base 6.
101413
Convert -10747 (base 9) to base 14.
-2883
Convert -10100001111 (base 2) to base 3.
-1202222
-14481 (base 13) to base 7
-216111
517 (base 13) to